{"id":6811,"date":"2023-02-07T12:10:19","date_gmt":"2023-02-07T12:10:19","guid":{"rendered":"http:\/\/sanluisfranceses.archimadrid.com\/?page_id=6811"},"modified":"2024-04-22T15:17:35","modified_gmt":"2024-04-22T15:17:35","slug":"foyer-des-jeunes-saint-louis-des-francais-madrid","status":"publish","type":"page","link":"https:\/\/sanluisfranceses.archimadrid.com\/?page_id=6811","title":{"rendered":"Foyer des jeunes Saint Louis des Francais Madrid"},"content":{"rendered":"\n<figure class=\"wp-block-image size-large\"><img loading=\"lazy\" decoding=\"async\" width=\"742\" height=\"1024\" src=\"http:\/\/sanluisfranceses.archimadrid.com\/wp-content\/uploads\/2024\/04\/f2ac8aee-376d-470d-a21b-d30908f07767-742x1024.jpeg\" alt=\"\" class=\"wp-image-7007\" srcset=\"https:\/\/sanluisfranceses.archimadrid.com\/wp-content\/uploads\/2024\/04\/f2ac8aee-376d-470d-a21b-d30908f07767-742x1024.jpeg 742w, https:\/\/sanluisfranceses.archimadrid.com\/wp-content\/uploads\/2024\/04\/f2ac8aee-376d-470d-a21b-d30908f07767-217x300.jpeg 217w, https:\/\/sanluisfranceses.archimadrid.com\/wp-content\/uploads\/2024\/04\/f2ac8aee-376d-470d-a21b-d30908f07767-768x1060.jpeg 768w, https:\/\/sanluisfranceses.archimadrid.com\/wp-content\/uploads\/2024\/04\/f2ac8aee-376d-470d-a21b-d30908f07767-624x862.jpeg 624w, https:\/\/sanluisfranceses.archimadrid.com\/wp-content\/uploads\/2024\/04\/f2ac8aee-376d-470d-a21b-d30908f07767.jpeg 793w\" sizes=\"auto, (max-width: 742px) 100vw, 742px\" \/><\/figure>\n\n\n\n<p>Le Foyer de jeunes Saint Louis est cr\u00e9\u00e9 en <strong>septembre 2023<\/strong> par la Paroisse Fran\u00e7aise Saint Louis de Madrid. Il a pour but de permettre \u00e0 de jeunes \u00e9tudiants catholiques de pouvoir s\u2019investir dans l\u2019\u0153uvre \u00e9ducative et pastorale de la paroisse, tout en profitant d\u2019un cadre de qualit\u00e9 pour poursuivre leurs \u00e9tudes, en b\u00e9n\u00e9ficiant d\u2019un logement \u00e0 un prix r\u00e9duit. Ces \u00e9tudiants auront soit une exp\u00e9rience pr\u00e9alable en animation et\/ou en \u00e9ducation chr\u00e9tienne, soit le go\u00fbt de l&#8217;acqu\u00e9rir, et le d\u00e9sir d\u2019annoncer le Christ aux jeunes dont ils auront la charge. Ils fr\u00e9quenteront au Foyer Saint Louis des pr\u00eatres, animateurs, parents, et autres personnes engag\u00e9es dans cette mission.<\/p>\n\n\n\n<p>Pour plus d\u00b4informations, cliquer <a href=\"https:\/\/docs.google.com\/document\/d\/1MT4z4S7utVSfH4CXQOIDSjSdRaitcRCfAWAJYYkCafc\/edit\">ici<\/a><\/p>\n","protected":false},"excerpt":{"rendered":"<p>Le Foyer de jeunes Saint Louis est cr\u00e9\u00e9 en septembre 2023 par la Paroisse Fran\u00e7aise Saint Louis de Madrid. Il a pour but de permettre \u00e0 de jeunes \u00e9tudiants catholiques de pouvoir s\u2019investir dans l\u2019\u0153uvre \u00e9ducative et pastorale de la paroisse, tout en profitant d\u2019un cadre de qualit\u00e9 pour poursuivre leurs \u00e9tudes, en b\u00e9n\u00e9ficiant d\u2019un [&hellip;]<\/p>\n","protected":false},"author":3,"featured_media":0,"parent":0,"menu_order":0,"comment_status":"closed","ping_status":"closed","template":"","meta":{"footnotes":""},"class_list":["post-6811","page","type-page","status-publish","hentry"],"_links":{"self":[{"href":"https:\/\/sanluisfranceses.archimadrid.com\/index.php?rest_route=\/wp\/v2\/pages\/6811","targetHints":{"allow":["GET"]}}],"collection":[{"href":"https:\/\/sanluisfranceses.archimadrid.com\/index.php?rest_route=\/wp\/v2\/pages"}],"about":[{"href":"https:\/\/sanluisfranceses.archimadrid.com\/index.php?rest_route=\/wp\/v2\/types\/page"}],"author":[{"embeddable":true,"href":"https:\/\/sanluisfranceses.archimadrid.com\/index.php?rest_route=\/wp\/v2\/users\/3"}],"replies":[{"embeddable":true,"href":"https:\/\/sanluisfranceses.archimadrid.com\/index.php?rest_route=%2Fwp%2Fv2%2Fcomments&post=6811"}],"version-history":[{"count":10,"href":"https:\/\/sanluisfranceses.archimadrid.com\/index.php?rest_route=\/wp\/v2\/pages\/6811\/revisions"}],"predecessor-version":[{"id":7008,"href":"https:\/\/sanluisfranceses.archimadrid.com\/index.php?rest_route=\/wp\/v2\/pages\/6811\/revisions\/7008"}],"wp:attachment":[{"href":"https:\/\/sanluisfranceses.archimadrid.com\/index.php?rest_route=%2Fwp%2Fv2%2Fmedia&parent=6811"}],"curies":[{"name":"wp","href":"https:\/\/api.w.org\/{rel}","templated":true}]}}

<figure class="wp-block-image size-large"><img loading="lazy" decoding="async" width="742" height="1024" src="http://sanluisfranceses.archimadrid.com/wp-content/uploads/2024/04/f2ac8aee-376d-470d-a21b-d30908f07767-742x1024.jpeg" alt="" class="wp-image-7007" srcset="https://sanluisfranceses.archimadrid.com/wp-content/uploads/2024/04/f2ac8aee-376d-470d-a21b-d30908f07767-742x1024.jpeg 742w, https://sanluisfranceses.archimadrid.com/wp-content/uploads/2024/04/f2ac8aee-376d-470d-a21b-d30908f07767-217x300.jpeg 217w, https://sanluisfranceses.archimadrid.com/wp-content/uploads/2024/04/f2ac8aee-376d-470d-a21b-d30908f07767-768x1060.jpeg 768w, https://sanluisfranceses.archimadrid.com/wp-content/uploads/2024/04/f2ac8aee-376d-470d-a21b-d30908f07767-624x862.jpeg 624w, https://sanluisfranceses.archimadrid.com/wp-content/uploads/2024/04/f2ac8aee-376d-470d-a21b-d30908f07767.jpeg 793w" sizes="auto, (max-width: 742px) 100vw, 742px" /></figure>



<p>Le Foyer de jeunes Saint Louis est créé en <strong>septembre 2023</strong> par la Paroisse Française Saint Louis de Madrid. Il a pour but de permettre à de jeunes étudiants catholiques de pouvoir s’investir dans l’œuvre éducative et pastorale de la paroisse, tout en profitant d’un cadre de qualité pour poursuivre leurs études, en bénéficiant d’un logement à un prix réduit. Ces étudiants auront soit une expérience préalable en animation et/ou en éducation chrétienne, soit le goût de l&#8217;acquérir, et le désir d’annoncer le Christ aux jeunes dont ils auront la charge. Ils fréquenteront au Foyer Saint Louis des prêtres, animateurs, parents, et autres personnes engagées dans cette mission.</p>



<p>Pour plus d´informations, cliquer <a href="https://docs.google.com/document/d/1MT4z4S7utVSfH4CXQOIDSjSdRaitcRCfAWAJYYkCafc/edit">ici</a></p>

<p>Le Foyer de jeunes Saint Louis est créé en septembre 2023 par la Paroisse Française Saint Louis de Madrid. Il a pour but de permettre à de jeunes étudiants catholiques de pouvoir s’investir dans l’œuvre éducative et pastorale de la paroisse, tout en profitant d’un cadre de qualité pour poursuivre leurs études, en bénéficiant d’un [&hellip;]</p>
