{"id":116,"date":"2014-01-27T22:29:50","date_gmt":"2014-01-27T22:29:50","guid":{"rendered":"http:\/\/saintlouis-madrid.cef.fr\/?page_id=116"},"modified":"2024-09-17T13:23:09","modified_gmt":"2024-09-17T13:23:09","slug":"catechese-aumonerie","status":"publish","type":"page","link":"http:\/\/sanluisfranceses.archimadrid.com\/?page_id=116","title":{"rendered":"Cat\u00e9chisme 8-11 ans"},"content":{"rendered":"\n<p><a href=\"https:\/\/docs.google.com\/forms\/d\/e\/1FAIpQLSfWWLl3httCnEc07b1AzoXbGeN_7Lu2RpjN7nXka8ppr7hhjg\/viewform\">Pr\u00e9-inscrivez votre enfant ici<\/a><\/p>\n\n\n\n<p>Vous souhaitez \u00eatre cat\u00e9chiste ou vous h\u00e9sitez encore.<br>Lisez les informations <a href=\"http:\/\/sanluisfranceses.archimadrid.com\/wp-content\/uploads\/2020\/09\/actualisation-website-page-_DEVIENS-CATE%CC%81CHISTE_-fin-sept..pdf\">ici<\/a><br>Faites vous connaitre<a href=\"mailto:guillaume.hellier@yahoo.com\" data-type=\"mailto\" data-id=\"mailto:guillaume.hellier@yahoo.com\"> ici<\/a><\/p>\n\n\n\n<p>La transmission de la foi est un p\u00f4le fondamental de notre paroisse Saint Louis des Fran\u00e7ais Madrid; elle se d\u00e9ploie selon les \u00e2ges, avec des modalit\u00e9s diff\u00e9rentes depuis&nbsp; l\u2019\u00e9veil \u00e0 la foi des 6-8 ans , le cat\u00e9chisme organis\u00e9 pour les enfants de 8 \u00e0 11 ans (CE1-CM2), puis l\u2019aum\u00f4nerie propos\u00e9e aux jeunes du coll\u00e8ge et du Lyc\u00e9e. <\/p>\n\n\n\n<p>Selon les ann\u00e9es, il existe aussi un groupe pour accueillir sp\u00e9cifiquement les adultes \u201crecommen\u00e7ants\u201d qui se posent des questions, \u00e0 nouveau, sur la foi, sur leur foi. <\/p>\n\n\n\n<h4 class=\"wp-block-heading\"><strong>Cat\u00e9chisme- cat\u00e9ch\u00e8se: Qu\u2019est ce qu\u2019on entend par l\u00e0?<\/strong><\/h4>\n\n\n\n<p>La cat\u00e9ch\u00e8se permet une rencontre entre la Parole de Dieu et l\u2019exp\u00e9rience\npersonnelle de vie chr\u00e9tienne au sein de notre communaut\u00e9 paroissiale. Elle va\noffrir une initiation puis un approfondissement du message \u00e9vang\u00e9lique, puis\npour ceux qui le souhaitent, la pr\u00e9paration et la c\u00e9l\u00e9bration des sacrements\n(bapt\u00eame en \u00e2ge scolaire, eucharistie, confirmation, r\u00e9conciliation); elle\ninclut aussi la participation aux grands moments liturgiques et aux messes des\nfamilles, l\u2019apprentissage de la pri\u00e8re, l\u2019exp\u00e9rience d\u2019une appartenance \u00e0 une\ncommunaut\u00e9 qui vit le message \u00e9vang\u00e9lique, t\u00e9moigne de sa foi et partage avec\nles plus pauvres. Choisir de s\u2019inscrire au cat\u00e9chisme \u00e0 la paroisse, c\u2019est\ns\u2019engager dans un cheminement avec toutes ces dimensions!<\/p>\n\n\n\n<p><strong>Concr\u00e8tement comment cela se passe?<\/strong><\/p>\n\n\n\n<p>Le cat\u00e9chisme pour les enfants du Primaire s\u2019appuie sur les directives pastorales de la Conf\u00e9rence des \u00c9v\u00eaques de France et du Directoire G\u00e9n\u00e9ral pour la Cat\u00e9ch\u00e8se (1997). Le p\u00e8re Rodrigo ainsi que deux responsables (<a href=\"http:\/\/sanluisfranceses.archimadrid.com\/?page_id=4088\">Guillaume Hellier et Yolanda Ella<\/a>) coordonnent le cat\u00e9chisme de la paroisse Saint Louis des Fran\u00e7ais Madrid.<\/p>\n\n\n\n<p>Un des parcours cat\u00e9ch\u00e9tiques agr\u00e9\u00e9s par la Conf\u00e9rence des \u00c9v\u00eaques de France est choisi par l\u2019\u00e9quipe responsable; le parcours dispose d\u2019un mat\u00e9riel didactique (livre, fiches, classeur..) qui sera fourni aux familles par la paroisse.<\/p>\n\n\n\n<p>Depuis la rentr\u00e9e 2020\/21, une modalit\u00e9 hybride (distanciel &#8211; pr\u00e9sentiel) a \u00e9t\u00e9 choisie pour d\u00e9buter l\u2019ann\u00e9e et pour maintenir un accompagnement r\u00e9gulier et stimulant pour les enfants dans un environnement s\u00fbr pour tous.<br><br>\u25cf Des s\u00e9ances hebdomadaires \u00e0 distance de 40 min env. (30 min.pour \u00e9veil foi) par visioconf\u00e9rence (mercredi apr\u00e8s-midi ou samedi matin)<br>\u25cf Une s\u00e9ance mensuelle pr\u00e9sentielle, le dimanche (10h45-11h30) par groupe de niveau (tous les \u00e9veils \u00e0 la foi\/ tous les CE2 \/tous les CM1\/ tous les CM2).<br>D\u00e8s que la situation sanitaire le permettra, retour au pr\u00e9sentiel pour tous, \u00e0 la paroisse (le dimanche matin) ou au Lyc\u00e9e Fran\u00e7ais (le mercredi)<\/p>\n\n\n\n<p><strong>Quel est le calendrier cat\u00e9chisme 2021\/2022<\/strong>?<\/p>\n\n\n\n<p>Reportez-vous au <a href=\"http:\/\/sanluisfranceses.archimadrid.com\/?page_id=6043\"><strong>calendrier de la paroisse <\/strong><\/a>&nbsp;pour trouver les dates cl\u00e9s de l\u2019ann\u00e9e 2021\/2022 \u00e0 St Louis des Fran\u00e7ais, rep\u00e9rer les s\u00e9ances de cat\u00e9 du dimanche, les messes des familles, les retraites et autres rencontres importantes de la communaut\u00e9 paroissiale, les c\u00e9l\u00e9brations de premi\u00e8re communion, confirmation, profession de foi, de r\u00e9conciliation etc.<\/p>\n\n\n\n<h4 class=\"wp-block-heading\"><strong>Qui r\u00e9alise et encadre le cat\u00e9chisme?<\/strong><\/h4>\n\n\n\n<p><strong>Les parents<\/strong> sont les premiers \u00e9ducateurs de la\nfoi de leurs enfants; Leur sacrement de mariage les anime \u00e0 t\u00e9moigner aupr\u00e8s de\nleurs enfants de leur foi et \u00e0 leur transmettre les valeurs de vie chr\u00e9tienne\nau sein de la famille. Ils peuvent aussi se sentir appel\u00e9s \u00e0 prolonger cette\nresponsabilit\u00e9 d\u2019\u00e9ducation de la foi, en devenant eux-m\u00eames <strong>cat\u00e9chistes<\/strong> d\u2019autres enfants. Ce peut\n\u00eatre le cas, aussi d\u2019autres adultes de la communaut\u00e9 paroissiale qui sentent ce\nm\u00eame appel. <\/p>\n\n\n\n<p>Plus d\u00b4info <a href=\"http:\/\/sanluisfranceses.archimadrid.com\/wp-content\/uploads\/2020\/09\/actualisation-website-page-_DEVIENS-CATE%CC%81CHISTE_-fin-sept..pdf\">ici<\/a> <br>Faites vous connaitre <a href=\"mailto:guillaume.hellier@yahoo.com\">ici<\/a><\/p>\n\n\n\n<p>Chaque ann\u00e9e, le cat\u00e9chisme du Primaire a besoin d\u2019une bonne vingtaine de personnes volontaires qui acceptent de s\u2019engager et sont accompagn\u00e9s par l<a href=\"http:\/\/sanluisfranceses.archimadrid.com\/?page_id=4088\">\u2019<\/a><strong><a href=\"http:\/\/sanluisfranceses.archimadrid.com\/?page_id=4088\">\u00e9quipe responsable<\/a><\/strong>. Chaque trimestre, un programme de rencontres permet aux cat\u00e9chistes de se former personnellement, de mieux comprendre le contenu cat\u00e9ch\u00e9tique de la p\u00e9riode, de planifier ensemble les moments forts (messe, retraite, actions\u2026) et d\u2019organiser leur groupe de cat\u00e9. <\/p>\n\n\n\n<p><strong>Mat\u00e9riel et frais d\u2019inscription<\/strong><\/p>\n\n\n\n<p>Est demand\u00e9 une cotisation annuelle de 80\u20ac par enfant (40 \u20ac \u00e0 partir du 2\u00e8me enfant, gratuit pour les enfants de cat\u00e9chistes).<\/p>\n\n\n\n<ul class=\"wp-block-list\"><li>Elle inclut le mat\u00e9riel de cat\u00e9 pour l\u2019enfant fourni par la paroisse, et l\u2019abonnement \u00e0 Prions en \u00c9glise Junior.<\/li><li>Elle permet de couvrir aussi tous les frais d\u2019organisation de cette activit\u00e9 (mat\u00e9riel, reprographie, abonn. internet, secr\u00e9tariat, assurance responsabilit\u00e9 civile etc.)<\/li><\/ul>\n\n\n\n<p>Parlez-nous si vous avez des difficult\u00e9s \u00e0 verser ce montant : nous trouverons une solution !<\/p>\n\n\n\n<p><strong>Comment inscrire votre enfants au cat\u00e9?<\/strong><\/p>\n\n\n\n<p>1- Pr\u00e9-inscrivez-le 100% en ligne <a href=\"https:\/\/docs.google.com\/forms\/d\/e\/1FAIpQLSfWWLl3httCnEc07b1AzoXbGeN_7Lu2RpjN7nXka8ppr7hhjg\/viewform\">ici<\/a>, c\u2019est tr\u00e8s rapide, cela nous permet d\u2019organiser au mieux des petits groupes avec un nombre suffisant de cat\u00e9chistes et les horaires.<\/p>\n\n\n\n<p>2- Vous recevrez ensuite par courriel un bulletin d\u2019inscription, qui permet de formaliser votre autorisation \u00e0 la participation de votre enfant \u00e0 l\u2019activit\u00e9, et \u00e0 l\u2019utilisation de vos donn\u00e9es (LOPD)<\/p>\n\n\n\n<p>3- Vous renvoyez le bulletin rempli et sign\u00e9 ainsi que le justificatif de virement des frais d\u2019inscription \u00e0 <a href=\"mailto:guillaume.helier@yahoo.com\">guillaume.helier@yahoo.com<\/a><\/p>\n\n\n\n<p><\/p>\n","protected":false},"excerpt":{"rendered":"<p>Pr\u00e9-inscrivez votre enfant ici Vous souhaitez \u00eatre cat\u00e9chiste ou vous h\u00e9sitez encore.Lisez les informations iciFaites vous connaitre ici La transmission de la foi est un p\u00f4le fondamental de notre paroisse Saint Louis des Fran\u00e7ais Madrid; elle se d\u00e9ploie selon les \u00e2ges, avec des modalit\u00e9s diff\u00e9rentes depuis&nbsp; l\u2019\u00e9veil \u00e0 la foi des 6-8 ans , le [&hellip;]<\/p>\n","protected":false},"author":3,"featured_media":0,"parent":0,"menu_order":0,"comment_status":"closed","ping_status":"closed","template":"","meta":{"footnotes":""},"class_list":["post-116","page","type-page","status-publish","hentry"],"_links":{"self":[{"href":"http:\/\/sanluisfranceses.archimadrid.com\/index.php?rest_route=\/wp\/v2\/pages\/116","targetHints":{"allow":["GET"]}}],"collection":[{"href":"http:\/\/sanluisfranceses.archimadrid.com\/index.php?rest_route=\/wp\/v2\/pages"}],"about":[{"href":"http:\/\/sanluisfranceses.archimadrid.com\/index.php?rest_route=\/wp\/v2\/types\/page"}],"author":[{"embeddable":true,"href":"http:\/\/sanluisfranceses.archimadrid.com\/index.php?rest_route=\/wp\/v2\/users\/3"}],"replies":[{"embeddable":true,"href":"http:\/\/sanluisfranceses.archimadrid.com\/index.php?rest_route=%2Fwp%2Fv2%2Fcomments&post=116"}],"version-history":[{"count":44,"href":"http:\/\/sanluisfranceses.archimadrid.com\/index.php?rest_route=\/wp\/v2\/pages\/116\/revisions"}],"predecessor-version":[{"id":7061,"href":"http:\/\/sanluisfranceses.archimadrid.com\/index.php?rest_route=\/wp\/v2\/pages\/116\/revisions\/7061"}],"wp:attachment":[{"href":"http:\/\/sanluisfranceses.archimadrid.com\/index.php?rest_route=%2Fwp%2Fv2%2Fmedia&parent=116"}],"curies":[{"name":"wp","href":"https:\/\/api.w.org\/{rel}","templated":true}]}}

Catéchisme 8-11 ans

<p><a href="https://docs.google.com/forms/d/e/1FAIpQLSfWWLl3httCnEc07b1AzoXbGeN_7Lu2RpjN7nXka8ppr7hhjg/viewform">Pré-inscrivez votre enfant ici</a></p>



<p>Vous souhaitez être catéchiste ou vous hésitez encore.<br>Lisez les informations <a href="http://sanluisfranceses.archimadrid.com/wp-content/uploads/2020/09/actualisation-website-page-_DEVIENS-CATE%CC%81CHISTE_-fin-sept..pdf">ici</a><br>Faites vous connaitre<a href="mailto:guillaume.hellier@yahoo.com" data-type="mailto" data-id="mailto:guillaume.hellier@yahoo.com"> ici</a></p>



<p>La transmission de la foi est un pôle fondamental de notre paroisse Saint Louis des Français Madrid; elle se déploie selon les âges, avec des modalités différentes depuis&nbsp; l’éveil à la foi des 6-8 ans , le catéchisme organisé pour les enfants de 8 à 11 ans (CE1-CM2), puis l’aumônerie proposée aux jeunes du collège et du Lycée. </p>



<p>Selon les années, il existe aussi un groupe pour accueillir spécifiquement les adultes “recommençants” qui se posent des questions, à nouveau, sur la foi, sur leur foi. </p>



<h4 class="wp-block-heading"><strong>Catéchisme- catéchèse: Qu’est ce qu’on entend par là?</strong></h4>



<p>La catéchèse permet une rencontre entre la Parole de Dieu et l’expérience
personnelle de vie chrétienne au sein de notre communauté paroissiale. Elle va
offrir une initiation puis un approfondissement du message évangélique, puis
pour ceux qui le souhaitent, la préparation et la célébration des sacrements
(baptême en âge scolaire, eucharistie, confirmation, réconciliation); elle
inclut aussi la participation aux grands moments liturgiques et aux messes des
familles, l’apprentissage de la prière, l’expérience d’une appartenance à une
communauté qui vit le message évangélique, témoigne de sa foi et partage avec
les plus pauvres. Choisir de s’inscrire au catéchisme à la paroisse, c’est
s’engager dans un cheminement avec toutes ces dimensions!</p>



<p><strong>Concrètement comment cela se passe?</strong></p>



<p>Le catéchisme pour les enfants du Primaire s’appuie sur les directives pastorales de la Conférence des Évêques de France et du Directoire Général pour la Catéchèse (1997). Le père Rodrigo ainsi que deux responsables (<a href="http://sanluisfranceses.archimadrid.com/?page_id=4088">Guillaume Hellier et Yolanda Ella</a>) coordonnent le catéchisme de la paroisse Saint Louis des Français Madrid.</p>



<p>Un des parcours catéchétiques agréés par la Conférence des Évêques de France est choisi par l’équipe responsable; le parcours dispose d’un matériel didactique (livre, fiches, classeur..) qui sera fourni aux familles par la paroisse.</p>



<p>Depuis la rentrée 2020/21, une modalité hybride (distanciel &#8211; présentiel) a été choisie pour débuter l’année et pour maintenir un accompagnement régulier et stimulant pour les enfants dans un environnement sûr pour tous.<br><br>● Des séances hebdomadaires à distance de 40 min env. (30 min.pour éveil foi) par visioconférence (mercredi après-midi ou samedi matin)<br>● Une séance mensuelle présentielle, le dimanche (10h45-11h30) par groupe de niveau (tous les éveils à la foi/ tous les CE2 /tous les CM1/ tous les CM2).<br>Dès que la situation sanitaire le permettra, retour au présentiel pour tous, à la paroisse (le dimanche matin) ou au Lycée Français (le mercredi)</p>



<p><strong>Quel est le calendrier catéchisme 2021/2022</strong>?</p>



<p>Reportez-vous au <a href="http://sanluisfranceses.archimadrid.com/?page_id=6043"><strong>calendrier de la paroisse </strong></a>&nbsp;pour trouver les dates clés de l’année 2021/2022 à St Louis des Français, repérer les séances de caté du dimanche, les messes des familles, les retraites et autres rencontres importantes de la communauté paroissiale, les célébrations de première communion, confirmation, profession de foi, de réconciliation etc.</p>



<h4 class="wp-block-heading"><strong>Qui réalise et encadre le catéchisme?</strong></h4>



<p><strong>Les parents</strong> sont les premiers éducateurs de la
foi de leurs enfants; Leur sacrement de mariage les anime à témoigner auprès de
leurs enfants de leur foi et à leur transmettre les valeurs de vie chrétienne
au sein de la famille. Ils peuvent aussi se sentir appelés à prolonger cette
responsabilité d’éducation de la foi, en devenant eux-mêmes <strong>catéchistes</strong> d’autres enfants. Ce peut
être le cas, aussi d’autres adultes de la communauté paroissiale qui sentent ce
même appel. </p>



<p>Plus d´info <a href="http://sanluisfranceses.archimadrid.com/wp-content/uploads/2020/09/actualisation-website-page-_DEVIENS-CATE%CC%81CHISTE_-fin-sept..pdf">ici</a> <br>Faites vous connaitre <a href="mailto:guillaume.hellier@yahoo.com">ici</a></p>



<p>Chaque année, le catéchisme du Primaire a besoin d’une bonne vingtaine de personnes volontaires qui acceptent de s’engager et sont accompagnés par l<a href="http://sanluisfranceses.archimadrid.com/?page_id=4088">’</a><strong><a href="http://sanluisfranceses.archimadrid.com/?page_id=4088">équipe responsable</a></strong>. Chaque trimestre, un programme de rencontres permet aux catéchistes de se former personnellement, de mieux comprendre le contenu catéchétique de la période, de planifier ensemble les moments forts (messe, retraite, actions…) et d’organiser leur groupe de caté. </p>



<p><strong>Matériel et frais d’inscription</strong></p>



<p>Est demandé une cotisation annuelle de 80€ par enfant (40 € à partir du 2ème enfant, gratuit pour les enfants de catéchistes).</p>



<ul class="wp-block-list"><li>Elle inclut le matériel de caté pour l’enfant fourni par la paroisse, et l’abonnement à Prions en Église Junior.</li><li>Elle permet de couvrir aussi tous les frais d’organisation de cette activité (matériel, reprographie, abonn. internet, secrétariat, assurance responsabilité civile etc.)</li></ul>



<p>Parlez-nous si vous avez des difficultés à verser ce montant : nous trouverons une solution !</p>



<p><strong>Comment inscrire votre enfants au caté?</strong></p>



<p>1- Pré-inscrivez-le 100% en ligne <a href="https://docs.google.com/forms/d/e/1FAIpQLSfWWLl3httCnEc07b1AzoXbGeN_7Lu2RpjN7nXka8ppr7hhjg/viewform">ici</a>, c’est très rapide, cela nous permet d’organiser au mieux des petits groupes avec un nombre suffisant de catéchistes et les horaires.</p>



<p>2- Vous recevrez ensuite par courriel un bulletin d’inscription, qui permet de formaliser votre autorisation à la participation de votre enfant à l’activité, et à l’utilisation de vos données (LOPD)</p>



<p>3- Vous renvoyez le bulletin rempli et signé ainsi que le justificatif de virement des frais d’inscription à <a href="mailto:guillaume.helier@yahoo.com">guillaume.helier@yahoo.com</a></p>



<p></p>

<p>Pré-inscrivez votre enfant ici Vous souhaitez être catéchiste ou vous hésitez encore.Lisez les informations iciFaites vous connaitre ici La transmission de la foi est un pôle fondamental de notre paroisse Saint Louis des Français Madrid; elle se déploie selon les âges, avec des modalités différentes depuis&nbsp; l’éveil à la foi des 6-8 ans , le [&hellip;]</p>
